late the remainder when 118731 is divided by 1693.
221
Calculate the remainder when 6392487 is divided by 399530.
7
Calculate the remainder when 27299704 is divided by 4549949.
10
What is the remainder when 20051385 is divided by 6804?
6801
What is the remainder when 591557 is divided by 1660?
597
Calculate the remainder when 1029218 is divided by 342773.
899
Calculate the remainder when 2104122 is divided by 388.
386
What is the remainder when 2402434 is divided by 982?
462
What is the remainder when 65973 is divided by 6591?
63
Calculate the remainder when 30208453 is divided by 580931.
41
What is the remainder when 3052357 is divided by 1017447?
16
Calculate the remainder when 4453110 is divided by 66.
24
Calculate the remainder when 183740 is divided by 4965.
35
What is the remainder when 5106011 is divided by 13616?
11
What is the remainder when 3824361 is divided by 2951?
2816
What is the remainder when 666404 is divided by 85?
4
What is the remainder when 107560 is divided by 43?
17
What is the remainder when 279457 is divided by 69780?
337
Calculate the remainder when 543865458 is divided by 43.
39
What is the remainder when 29345 is divided by 29162?
183
What is the remainder when 15689996 is divided by 3922495?
16
What is the remainder when 1171288 is divided by 13?
1
What is the remainder when 417211706 is divided by 44746?
2
What is the remainder when 3133573 is divided by 819?
79
Calculate the remainder when 152481 is divided by 86.
3
Calculate the remainder when 88497328 is divided by 1078.
1074
Calculate the remainder when 3639623 is divided by 20333.
16
Calculate the remainder when 472691 is divided by 472387.
304
What is the remainder when 34582 is divided by 30592?
3990
Calculate the remainder when 5384687 is divided by 3860.
3847
What is the remainder when 78388 is divided by 4593?
307
Calculate the remainder when 2388871 is divided by 266.
191
Calculate the remainder when 3435329 is divided by 49787.
26
Calculate the remainder when 116834 is divided by 8339.
88
Calculate the remainder when 1242142 is divided by 138003.
115
Calculate the remainder when 312280 is divided by 311364.
916
Calculate the remainder when 9762239 is divided by 117.
110
What is the remainder when 12305107 is divided by 2092?
2055
What is the remainder when 29319 is divided by 617?
320
Calculate the remainder when 280823 is divided by 1534.
101
Calculate the remainder when 2051534 is divided by 432.
398
Calculate the remainder when 3626986 is divided by 1208947.
145
Calculate the remainder when 42573149 is divided by 9.
8
What is the remainder when 53889 is divided by 246?
15
Calculate the remainder when 13554713 is divided by 554.
549
What is the remainder when 1543494 is divided by 1543482?
12
What is the remainder when 4244865 is divided by 258?
249
What is the remainder when 510409 is divided by 51037?
39
What is the remainder when 27620286 is divided by 1051?
6
What is the remainder when 189575 is divided by 37907?
40
What is the remainder when 840030 is divided by 1780?
1650
What is the remainder when 9135276 is divided by 101503?
6
What is the remainder when 1951573 is divided by 243946?
5
Calculate the remainder when 276459 is divided by 138229.
1
What is the remainder when 22576786 is divided by 197?
192
What is the remainder when 238396 is divided by 135?
121
What is the remainder when 244102 is divided by 678?
22
Calculate the remainder when 65472 is divided by 590.
572
Calculate the remainder when 19654659 is divided by 186.
39
What is the remainder when 6133225 is divided by 59?
57
What is the remainder when 4701895 is divided by 163?
160
Calculate the remainder when 55445830 is divided by 111.
109
Calculate the remainder when 675933 is divided by 1058.
929
What is the remainder when 97200395 is divided by 1800007?
17
What is the remainder when 13926 is divided by 245?
206
What is the remainder when 151776 is divided by 37924?
80
What is the remainder when 860135 is divided by 813?
794
What is the remainder when 142605 is divided by 3031?
148
Calculate the remainder when 8811980 is divided by 2202992.
12
What is the remainder when 292626 is divided by 548?
542
What is the remainder when 3107706 is divided by 1035896?
18
Calculate the remainder when 23488552 is divided by 5872136.
8
What is the remainder when 9655037 is divided by 1609172?
5
What is the remainder when 287050881 is divided by 16?
1
Calculate the remainder when 377826 is divided by 2774.
562
What is the remainder when 2767474 is divided by 170?
44
What is the remainder when 51886 is divided by 25873?
140
Calculate the remainder when 26754 is divided by 890.
54
What is the remainder when 512860 is divided by 42727?
136
Calculate the remainder when 17211349 is divided by 409794.
1
What is the remainder when 166305 is divided by 5517?
795
Calculate the remainder when 259365 is divided by 153.
30
What is the remainder when 1599423 is divided by 1100?
23
Calculate the remainder when 359308 is divided by 59574.
1864
Calculate the remainder when 2108616 is divided by 65894.
8
Calculate the remainder when 26896938 is divided by 7.
5
Calculate the remainder when 191377 is divided by 15944.
49
Calculate the remainder when 4038200 is divided by 807637.
15
What is the remainder when 42150718 is divided by 460?
458
What is the remainder when 146066797 is divided by 1780?
1777
Calculate the remainder when 390619757 is divided by 1926.
1919
Calculate the remainder when 34479558 is divided by 14.
8
What is the remainder when 848566527 is divided by 2835?
2832
Calculate the remainder when 15710015 is divided by 688.
223
Calculate the remainder when 528050 is divided by 175999.
53
Calculate the remainder when 92577042 is divided by 102.
6
What is the remainder when 331455759 is divided by 2039?
2036
What is the remainder when 2981429 is divided by 1490417?
595
What is the remainder when 3331420 is divided by 2644?
2624
What is the remainder when 353900975 is divided by 264?
263
What is the remainder when 9425793 is divided by 4720?
4673
What is the remainder when 221423014 is divided by 438?
436
Calculate the remainder when 486041 is divided by 161208.
2417
What is the remainder when 296532103 is divided by 26?
23
Calculate the remainder when 255118 is divided by 85032.
22
Calculate the remainder when 1431762879 is divided by 7520.
7519
Calculate the remainder when 370445 is divided by 1393.
1300
What is the remainder when 53678 is divided by 244?
242
Calculate the remainder when 104881068 is divided by 37727.
8
What is the remainder when 153821 is divided by 144629?
9192
What is the remainder when 33545 is divided by 799?
786
What is the remainder when 1304211 is divided by 253?
249
Calculate the remainder when 8945598 is divided by 2255.
13
What is the remainder when 7814510 is divided by 2604834?
8
Calculate the remainder when 27351854 is divided by 113.
91
Calculate the remainder when 82430834 is divided by 7493712.
2
What is the remainder when 211195894 is divided by 51?
49
Calculate the remainder when 1986735 is divided by 463.
2
Calculate the remainder when 69218091 is divided by 303588.
27
What is the remainder when 272992 is divided by 2084?
2072
Calculate the remainder when 2542775 is divided by 71.
52
What is the remainder when 1136885 is divided by 19?
1
Calculate the remainder when 62849102 is divided by 146.
44
Calculate the remainder when 2488 is divided by 1418.
1070
Calculate the remainder when 21271 is divided by 115.
111
What is the remainder when 58390109 is divided by 496?
493
Calculate the remainder when 70311 is divided by 589.
220
What is the remainder when 8880696 is divided by 217?
188
What is the remainder when 56069 is divided by 3401?
1653
Calculate the remainder when 987193 is divided by 10283.
25
What is the remainder when 21393648 is divided by 256?
240
What is the remainder when 631 is divided by 612?
19
What is the remainder when 129234 is divided by 3005?
19
Calculate the remainder when 1193227 is divided by 298114.
771
Calculate the remainder when 15771597 is divided by 78.
75
What is the remainder when 803569037 is divided by 158?
155
What is the remainder when 243873993 is divided by 200?
193
What is the remainder when 165891019 is divided by 29?
28
C